{"id":14,"date":"2016-07-25T13:07:22","date_gmt":"2016-07-25T13:07:22","guid":{"rendered":"http:\/\/blog.purplescreen.fr\/?page_id=14"},"modified":"2020-01-25T13:30:48","modified_gmt":"2020-01-25T12:30:48","slug":"a-propos-pages","status":"publish","type":"page","link":"https:\/\/blog.purplescreen.fr\/?page_id=14","title":{"rendered":"A Propos"},"content":{"rendered":"<p>Je m\u2019appelle Olivier Gosselin, je travaille dans l\u2019informatique depuis 2009. J\u2019ai d\u00e9couvert le monde de la Virtualisation en 2011 avec VMware ESX4, depuis ce temps je ne l\u2019ai plus l\u00e2ch\u00e9 et je me passionne pour cette technologie. Je suis certifi\u00e9 VCP4\/5, VCAP5-DCD, VCAP5-DCA.<\/p>\n<p>Ce blog est enti\u00e8rement destin\u00e9 au monde de la Virtualisation. Je n\u2019ai aucun int\u00e9r\u00eat commercial, par cons\u00e9quent je serai le plus objectif possible dans mes diff\u00e9rents posts.<\/p>\n","protected":false},"excerpt":{"rendered":"<p>Je m\u2019appelle Olivier Gosselin, je travaille dans l\u2019informatique depuis 2009. J\u2019ai d\u00e9couvert le monde de la Virtualisation en 2011 avec VMware ESX4, depuis ce temps je ne l\u2019ai plus l\u00e2ch\u00e9 et je me passionne pour cette technologie. Je suis certifi\u00e9 VCP4\/5, VCAP5-DCD, VCAP5-DCA. Ce blog est enti\u00e8rement destin\u00e9 au monde de la Virtualisation. Je n\u2019ai&#8230;<\/p>\n","protected":false},"author":1,"featured_media":0,"parent":0,"menu_order":0,"comment_status":"closed","ping_status":"closed","template":"","meta":[],"yoast_head":"<!-- This site is optimized with the Yoast SEO plugin v19.8 - https:\/\/yoast.com\/wordpress\/plugins\/seo\/ -->\n<title>A Propos - PurpleScreen<\/title>\n<meta name=\"robots\" content=\"index, follow, max-snippet:-1, max-image-preview:large, max-video-preview:-1\" \/>\n<link rel=\"canonical\" href=\"http:\/\/blog.purplescreen.fr\/?page_id=14\" \/>\n<script type=\"application\/ld+json\" class=\"yoast-schema-graph\">{\"@context\":\"https:\/\/schema.org\",\"@graph\":[{\"@type\":\"WebPage\",\"@id\":\"http:\/\/blog.purplescreen.fr\/?page_id=14\",\"url\":\"http:\/\/blog.purplescreen.fr\/?page_id=14\",\"name\":\"A Propos - PurpleScreen\",\"isPartOf\":{\"@id\":\"https:\/\/blog.purplescreen.fr\/#website\"},\"datePublished\":\"2016-07-25T13:07:22+00:00\",\"dateModified\":\"2020-01-25T12:30:48+00:00\",\"breadcrumb\":{\"@id\":\"http:\/\/blog.purplescreen.fr\/?page_id=14#breadcrumb\"},\"inLanguage\":\"en-US\",\"potentialAction\":[{\"@type\":\"ReadAction\",\"target\":[\"http:\/\/blog.purplescreen.fr\/?page_id=14\"]}]},{\"@type\":\"BreadcrumbList\",\"@id\":\"http:\/\/blog.purplescreen.fr\/?page_id=14#breadcrumb\",\"itemListElement\":[{\"@type\":\"ListItem\",\"position\":1,\"name\":\"Home\",\"item\":\"https:\/\/blog.purplescreen.fr\/\"},{\"@type\":\"ListItem\",\"position\":2,\"name\":\"A Propos\"}]},{\"@type\":\"WebSite\",\"@id\":\"https:\/\/blog.purplescreen.fr\/#website\",\"url\":\"https:\/\/blog.purplescreen.fr\/\",\"name\":\"PurpleScreen\",\"description\":\"by Olivier Gosselin\",\"potentialAction\":[{\"@type\":\"SearchAction\",\"target\":{\"@type\":\"EntryPoint\",\"urlTemplate\":\"https:\/\/blog.purplescreen.fr\/?s={search_term_string}\"},\"query-input\":\"required name=search_term_string\"}],\"inLanguage\":\"en-US\"}]}<\/script>\n<!-- \/ Yoast SEO plugin. -->","yoast_head_json":{"title":"A Propos - PurpleScreen","robots":{"index":"index","follow":"follow","max-snippet":"max-snippet:-1","max-image-preview":"max-image-preview:large","max-video-preview":"max-video-preview:-1"},"canonical":"http:\/\/blog.purplescreen.fr\/?page_id=14","schema":{"@context":"https:\/\/schema.org","@graph":[{"@type":"WebPage","@id":"http:\/\/blog.purplescreen.fr\/?page_id=14","url":"http:\/\/blog.purplescreen.fr\/?page_id=14","name":"A Propos - PurpleScreen","isPartOf":{"@id":"https:\/\/blog.purplescreen.fr\/#website"},"datePublished":"2016-07-25T13:07:22+00:00","dateModified":"2020-01-25T12:30:48+00:00","breadcrumb":{"@id":"http:\/\/blog.purplescreen.fr\/?page_id=14#breadcrumb"},"inLanguage":"en-US","potentialAction":[{"@type":"ReadAction","target":["http:\/\/blog.purplescreen.fr\/?page_id=14"]}]},{"@type":"BreadcrumbList","@id":"http:\/\/blog.purplescreen.fr\/?page_id=14#breadcrumb","itemListElement":[{"@type":"ListItem","position":1,"name":"Home","item":"https:\/\/blog.purplescreen.fr\/"},{"@type":"ListItem","position":2,"name":"A Propos"}]},{"@type":"WebSite","@id":"https:\/\/blog.purplescreen.fr\/#website","url":"https:\/\/blog.purplescreen.fr\/","name":"PurpleScreen","description":"by Olivier Gosselin","potentialAction":[{"@type":"SearchAction","target":{"@type":"EntryPoint","urlTemplate":"https:\/\/blog.purplescreen.fr\/?s={search_term_string}"},"query-input":"required name=search_term_string"}],"inLanguage":"en-US"}]}},"_links":{"self":[{"href":"https:\/\/blog.purplescreen.fr\/index.php?rest_route=\/wp\/v2\/pages\/14"}],"collection":[{"href":"https:\/\/blog.purplescreen.fr\/index.php?rest_route=\/wp\/v2\/pages"}],"about":[{"href":"https:\/\/blog.purplescreen.fr\/index.php?rest_route=\/wp\/v2\/types\/page"}],"author":[{"embeddable":true,"href":"https:\/\/blog.purplescreen.fr\/index.php?rest_route=\/wp\/v2\/users\/1"}],"replies":[{"embeddable":true,"href":"https:\/\/blog.purplescreen.fr\/index.php?rest_route=%2Fwp%2Fv2%2Fcomments&post=14"}],"version-history":[{"count":14,"href":"https:\/\/blog.purplescreen.fr\/index.php?rest_route=\/wp\/v2\/pages\/14\/revisions"}],"predecessor-version":[{"id":14998,"href":"https:\/\/blog.purplescreen.fr\/index.php?rest_route=\/wp\/v2\/pages\/14\/revisions\/14998"}],"wp:attachment":[{"href":"https:\/\/blog.purplescreen.fr\/index.php?rest_route=%2Fwp%2Fv2%2Fmedia&parent=14"}],"curies":[{"name":"wp","href":"https:\/\/api.w.org\/{rel}","templated":true}]}}